{"id":1081,"date":"2024-03-06T16:43:02","date_gmt":"2024-03-06T15:43:02","guid":{"rendered":"https:\/\/juliettebeaudichon.com\/?page_id=1081"},"modified":"2024-03-07T16:21:30","modified_gmt":"2024-03-07T15:21:30","slug":"contact","status":"publish","type":"page","link":"https:\/\/juliettebeaudichon.com\/index.php\/contact\/","title":{"rendered":"Contact"},"content":{"rendered":"\t\t<div data-elementor-type=\"wp-page\" data-elementor-id=\"1081\" class=\"elementor elementor-1081\">\n\t\t\t\t\t\t<section class=\"elementor-section elementor-top-section elementor-element elementor-element-35d57d1 elementor-section-full_width elementor-section-height-default elementor-section-height-default parallax_section_no qode_elementor_container_no\" data-id=\"35d57d1\" data-element_type=\"section\" data-settings=\"{&quot;background_background&quot;:&quot;classic&quot;}\">\n\t\t\t\t\t\t<div class=\"elementor-container elementor-column-gap-default\">\n\t\t\t\t\t<div class=\"elementor-column elementor-col-100 elementor-top-column elementor-element elementor-element-28a1251\" data-id=\"28a1251\" data-element_type=\"column\">\n\t\t\t<div class=\"elementor-widget-wrap elementor-element-populated\">\n\t\t\t\t\t\t<div class=\"elementor-element elementor-element-3fd0913 elementor-widget elementor-widget-spacer\" data-id=\"3fd0913\" data-element_type=\"widget\" data-widget_type=\"spacer.default\">\n\t\t\t\t<div class=\"elementor-widget-container\">\n\t\t\t<style>\/*! elementor - v3.20.0 - 20-03-2024 *\/\n.elementor-column .elementor-spacer-inner{height:var(--spacer-size)}.e-con{--container-widget-width:100%}.e-con-inner>.elementor-widget-spacer,.e-con>.elementor-widget-spacer{width:var(--container-widget-width,var(--spacer-size));--align-self:var(--container-widget-align-self,initial);--flex-shrink:0}.e-con-inner>.elementor-widget-spacer>.elementor-widget-container,.e-con>.elementor-widget-spacer>.elementor-widget-container{height:100%;width:100%}.e-con-inner>.elementor-widget-spacer>.elementor-widget-container>.elementor-spacer,.e-con>.elementor-widget-spacer>.elementor-widget-container>.elementor-spacer{height:100%}.e-con-inner>.elementor-widget-spacer>.elementor-widget-container>.elementor-spacer>.elementor-spacer-inner,.e-con>.elementor-widget-spacer>.elementor-widget-container>.elementor-spacer>.elementor-spacer-inner{height:var(--container-widget-height,var(--spacer-size))}.e-con-inner>.elementor-widget-spacer.elementor-widget-empty,.e-con>.elementor-widget-spacer.elementor-widget-empty{position:relative;min-height:22px;min-width:22px}.e-con-inner>.elementor-widget-spacer.elementor-widget-empty .elementor-widget-empty-icon,.e-con>.elementor-widget-spacer.elementor-widget-empty .elementor-widget-empty-icon{position:absolute;top:0;bottom:0;left:0;right:0;margin:auto;padding:0;width:22px;height:22px}<\/style>\t\t<div class=\"elementor-spacer\">\n\t\t\t<div class=\"elementor-spacer-inner\"><\/div>\n\t\t<\/div>\n\t\t\t\t<\/div>\n\t\t\t\t<\/div>\n\t\t\t\t<div class=\"elementor-element elementor-element-f293476 elementor-widget elementor-widget-heading\" data-id=\"f293476\" data-element_type=\"widget\" data-widget_type=\"heading.default\">\n\t\t\t\t<div class=\"elementor-widget-container\">\n\t\t\t<style>\/*! elementor - v3.20.0 - 20-03-2024 *\/\n.elementor-heading-title{padding:0;margin:0;line-height:1}.elementor-widget-heading .elementor-heading-title[class*=elementor-size-]>a{color:inherit;font-size:inherit;line-height:inherit}.elementor-widget-heading .elementor-heading-title.elementor-size-small{font-size:15px}.elementor-widget-heading .elementor-heading-title.elementor-size-medium{font-size:19px}.elementor-widget-heading .elementor-heading-title.elementor-size-large{font-size:29px}.elementor-widget-heading .elementor-heading-title.elementor-size-xl{font-size:39px}.elementor-widget-heading .elementor-heading-title.elementor-size-xxl{font-size:59px}<\/style><h2 class=\"elementor-heading-title elementor-size-default\">Pr\u00eat.e.s \u00e0 cr\u00e9er ?<\/h2>\t\t<\/div>\n\t\t\t\t<\/div>\n\t\t\t\t<div class=\"elementor-element elementor-element-7d13b58 elementor-widget elementor-widget-spacer\" data-id=\"7d13b58\" data-element_type=\"widget\" data-widget_type=\"spacer.default\">\n\t\t\t\t<div class=\"elementor-widget-container\">\n\t\t\t\t\t<div class=\"elementor-spacer\">\n\t\t\t<div class=\"elementor-spacer-inner\"><\/div>\n\t\t<\/div>\n\t\t\t\t<\/div>\n\t\t\t\t<\/div>\n\t\t\t\t<div class=\"elementor-element elementor-element-949b560 elementor-widget elementor-widget-spacer\" data-id=\"949b560\" data-element_type=\"widget\" data-widget_type=\"spacer.default\">\n\t\t\t\t<div class=\"elementor-widget-container\">\n\t\t\t\t\t<div class=\"elementor-spacer\">\n\t\t\t<div class=\"elementor-spacer-inner\"><\/div>\n\t\t<\/div>\n\t\t\t\t<\/div>\n\t\t\t\t<\/div>\n\t\t\t\t\t<\/div>\n\t\t<\/div>\n\t\t\t\t\t<\/div>\n\t\t<\/section>\n\t\t\t\t<section class=\"elementor-section elementor-top-section elementor-element elementor-element-5c47da0 elementor-section-boxed elementor-section-height-default elementor-section-height-default parallax_section_no qode_elementor_container_no\" data-id=\"5c47da0\" data-element_type=\"section\" data-settings=\"{&quot;background_background&quot;:&quot;classic&quot;}\">\n\t\t\t\t\t\t<div class=\"elementor-container elementor-column-gap-default\">\n\t\t\t\t\t<div class=\"elementor-column elementor-col-16 elementor-top-column elementor-element elementor-element-2ef0e12\" data-id=\"2ef0e12\" data-element_type=\"column\">\n\t\t\t<div class=\"elementor-widget-wrap elementor-element-populated\">\n\t\t\t\t\t\t<div class=\"elementor-element elementor-element-3971c1b elementor-widget elementor-widget-image\" data-id=\"3971c1b\" data-element_type=\"widget\" data-widget_type=\"image.default\">\n\t\t\t\t<div class=\"elementor-widget-container\">\n\t\t\t<style>\/*! elementor - v3.20.0 - 20-03-2024 *\/\n.elementor-widget-image{text-align:center}.elementor-widget-image a{display:inline-block}.elementor-widget-image a img[src$=\".svg\"]{width:48px}.elementor-widget-image img{vertical-align:middle;display:inline-block}<\/style>\t\t\t\t\t\t\t\t\t\t<img decoding=\"async\" width=\"135\" height=\"101\" src=\"https:\/\/juliettebeaudichon.com\/wp-content\/uploads\/2024\/03\/Group-95-1.png\" class=\"attachment-large size-large wp-image-1084\" alt=\"\" \/>\t\t\t\t\t\t\t\t\t\t\t\t\t<\/div>\n\t\t\t\t<\/div>\n\t\t\t\t\t<\/div>\n\t\t<\/div>\n\t\t\t\t<div class=\"elementor-column elementor-col-16 elementor-top-column elementor-element elementor-element-f1d3750\" data-id=\"f1d3750\" data-element_type=\"column\">\n\t\t\t<div class=\"elementor-widget-wrap elementor-element-populated\">\n\t\t\t\t\t\t<div class=\"elementor-element elementor-element-7ba6ad5 elementor-widget elementor-widget-text-editor\" data-id=\"7ba6ad5\" data-element_type=\"widget\" data-widget_type=\"text-editor.default\">\n\t\t\t\t<div class=\"elementor-widget-container\">\n\t\t\t<style>\/*! elementor - v3.20.0 - 20-03-2024 *\/\n.elementor-widget-text-editor.elementor-drop-cap-view-stacked .elementor-drop-cap{background-color:#69727d;color:#fff}.elementor-widget-text-editor.elementor-drop-cap-view-framed .elementor-drop-cap{color:#69727d;border:3px solid;background-color:transparent}.elementor-widget-text-editor:not(.elementor-drop-cap-view-default) .elementor-drop-cap{margin-top:8px}.elementor-widget-text-editor:not(.elementor-drop-cap-view-default) .elementor-drop-cap-letter{width:1em;height:1em}.elementor-widget-text-editor .elementor-drop-cap{float:left;text-align:center;line-height:1;font-size:50px}.elementor-widget-text-editor .elementor-drop-cap-letter{display:inline-block}<\/style>\t\t\t\t<p>juliettebdcn@gmail.com<\/p>\t\t\t\t\t\t<\/div>\n\t\t\t\t<\/div>\n\t\t\t\t\t<\/div>\n\t\t<\/div>\n\t\t\t\t<div class=\"elementor-column elementor-col-16 elementor-top-column elementor-element elementor-element-b051b0d\" data-id=\"b051b0d\" data-element_type=\"column\">\n\t\t\t<div class=\"elementor-widget-wrap elementor-element-populated\">\n\t\t\t\t\t\t<div class=\"elementor-element elementor-element-7ba186e elementor-widget elementor-widget-image\" data-id=\"7ba186e\" data-element_type=\"widget\" data-widget_type=\"image.default\">\n\t\t\t\t<div class=\"elementor-widget-container\">\n\t\t\t\t\t\t\t\t\t\t\t\t\t<img decoding=\"async\" width=\"86\" height=\"128\" src=\"https:\/\/juliettebeaudichon.com\/wp-content\/uploads\/2024\/03\/Vector-33.png\" class=\"attachment-large size-large wp-image-1085\" alt=\"\" \/>\t\t\t\t\t\t\t\t\t\t\t\t\t<\/div>\n\t\t\t\t<\/div>\n\t\t\t\t\t<\/div>\n\t\t<\/div>\n\t\t\t\t<div class=\"elementor-column elementor-col-16 elementor-top-column elementor-element elementor-element-6ebc225\" data-id=\"6ebc225\" data-element_type=\"column\">\n\t\t\t<div class=\"elementor-widget-wrap elementor-element-populated\">\n\t\t\t\t\t\t<div class=\"elementor-element elementor-element-faad527 elementor-widget elementor-widget-text-editor\" data-id=\"faad527\" data-element_type=\"widget\" data-widget_type=\"text-editor.default\">\n\t\t\t\t<div class=\"elementor-widget-container\">\n\t\t\t\t\t\t\t<p>+33 6 41 12 81 44<\/p>\t\t\t\t\t\t<\/div>\n\t\t\t\t<\/div>\n\t\t\t\t\t<\/div>\n\t\t<\/div>\n\t\t\t\t<div class=\"elementor-column elementor-col-16 elementor-top-column elementor-element elementor-element-ac168ee\" data-id=\"ac168ee\" data-element_type=\"column\">\n\t\t\t<div class=\"elementor-widget-wrap elementor-element-populated\">\n\t\t\t\t\t\t<div class=\"elementor-element elementor-element-ceb04ee elementor-widget elementor-widget-image\" data-id=\"ceb04ee\" data-element_type=\"widget\" data-widget_type=\"image.default\">\n\t\t\t\t<div class=\"elementor-widget-container\">\n\t\t\t\t\t\t\t\t\t\t\t\t\t<img decoding=\"async\" width=\"81\" height=\"137\" src=\"https:\/\/juliettebeaudichon.com\/wp-content\/uploads\/2024\/03\/Group-97.png\" class=\"attachment-large size-large wp-image-1086\" alt=\"\" \/>\t\t\t\t\t\t\t\t\t\t\t\t\t<\/div>\n\t\t\t\t<\/div>\n\t\t\t\t\t<\/div>\n\t\t<\/div>\n\t\t\t\t<div class=\"elementor-column elementor-col-16 elementor-top-column elementor-element elementor-element-4280190\" data-id=\"4280190\" data-element_type=\"column\">\n\t\t\t<div class=\"elementor-widget-wrap elementor-element-populated\">\n\t\t\t\t\t\t<div class=\"elementor-element elementor-element-801ccb5 elementor-widget elementor-widget-text-editor\" data-id=\"801ccb5\" data-element_type=\"widget\" data-widget_type=\"text-editor.default\">\n\t\t\t\t<div class=\"elementor-widget-container\">\n\t\t\t\t\t\t\t<p>Paris<\/p>\t\t\t\t\t\t<\/div>\n\t\t\t\t<\/div>\n\t\t\t\t\t<\/div>\n\t\t<\/div>\n\t\t\t\t\t<\/div>\n\t\t<\/section>\n\t\t\t\t<section class=\"elementor-section elementor-top-section elementor-element elementor-element-83e47d2 elementor-section-boxed elementor-section-height-default elementor-section-height-default parallax_section_no qode_elementor_container_no\" data-id=\"83e47d2\" data-element_type=\"section\" data-settings=\"{&quot;background_background&quot;:&quot;classic&quot;}\">\n\t\t\t\t\t\t<div class=\"elementor-container elementor-column-gap-default\">\n\t\t\t\t\t<div class=\"elementor-column elementor-col-100 elementor-top-column elementor-element elementor-element-d0abdc9\" data-id=\"d0abdc9\" data-element_type=\"column\">\n\t\t\t<div class=\"elementor-widget-wrap elementor-element-populated\">\n\t\t\t\t\t\t<div class=\"elementor-element elementor-element-b241880 elementor-widget elementor-widget-spacer\" data-id=\"b241880\" data-element_type=\"widget\" data-widget_type=\"spacer.default\">\n\t\t\t\t<div class=\"elementor-widget-container\">\n\t\t\t\t\t<div class=\"elementor-spacer\">\n\t\t\t<div class=\"elementor-spacer-inner\"><\/div>\n\t\t<\/div>\n\t\t\t\t<\/div>\n\t\t\t\t<\/div>\n\t\t\t\t\t<\/div>\n\t\t<\/div>\n\t\t\t\t\t<\/div>\n\t\t<\/section>\n\t\t\t\t<\/div>\n\t\t","protected":false},"excerpt":{"rendered":"<p>Pr\u00eat.e.s \u00e0 cr\u00e9er ? juliettebdcn@gmail.com +33 6 41 12 81 44 Paris<\/p>\n","protected":false},"author":1,"featured_media":0,"parent":0,"menu_order":0,"comment_status":"closed","ping_status":"closed","template":"elementor_header_footer","meta":{"footnotes":""},"class_list":["post-1081","page","type-page","status-publish","hentry"],"yoast_head":"<!-- This site is optimized with the Yoast SEO plugin v22.3 - https:\/\/yoast.com\/wordpress\/plugins\/seo\/ -->\n<title>Contact - Juliette Beaudichon<\/title>\n<meta name=\"robots\" content=\"index, follow, max-snippet:-1, max-image-preview:large, max-video-preview:-1\" \/>\n<link rel=\"canonical\" href=\"https:\/\/juliettebeaudichon.com\/index.php\/contact\/\" \/>\n<meta property=\"og:locale\" content=\"fr_FR\" \/>\n<meta property=\"og:type\" content=\"article\" \/>\n<meta property=\"og:title\" content=\"Contact - Juliette Beaudichon\" \/>\n<meta property=\"og:description\" content=\"Pr\u00eat.e.s \u00e0 cr\u00e9er ? juliettebdcn@gmail.com +33 6 41 12 81 44 Paris\" \/>\n<meta property=\"og:url\" content=\"https:\/\/juliettebeaudichon.com\/index.php\/contact\/\" \/>\n<meta property=\"og:site_name\" content=\"Juliette Beaudichon\" \/>\n<meta property=\"article:modified_time\" content=\"2024-03-07T15:21:30+00:00\" \/>\n<meta property=\"og:image\" content=\"http:\/\/juliettebeaudichon.com\/wp-content\/uploads\/2024\/03\/Group-95-1.png\" \/>\n<meta name=\"twitter:card\" content=\"summary_large_image\" \/>\n<script type=\"application\/ld+json\" class=\"yoast-schema-graph\">{\"@context\":\"https:\/\/schema.org\",\"@graph\":[{\"@type\":\"WebPage\",\"@id\":\"https:\/\/juliettebeaudichon.com\/index.php\/contact\/\",\"url\":\"https:\/\/juliettebeaudichon.com\/index.php\/contact\/\",\"name\":\"Contact - Juliette Beaudichon\",\"isPartOf\":{\"@id\":\"https:\/\/juliettebeaudichon.com\/#website\"},\"primaryImageOfPage\":{\"@id\":\"https:\/\/juliettebeaudichon.com\/index.php\/contact\/#primaryimage\"},\"image\":{\"@id\":\"https:\/\/juliettebeaudichon.com\/index.php\/contact\/#primaryimage\"},\"thumbnailUrl\":\"http:\/\/juliettebeaudichon.com\/wp-content\/uploads\/2024\/03\/Group-95-1.png\",\"datePublished\":\"2024-03-06T15:43:02+00:00\",\"dateModified\":\"2024-03-07T15:21:30+00:00\",\"breadcrumb\":{\"@id\":\"https:\/\/juliettebeaudichon.com\/index.php\/contact\/#breadcrumb\"},\"inLanguage\":\"fr-FR\",\"potentialAction\":[{\"@type\":\"ReadAction\",\"target\":[\"https:\/\/juliettebeaudichon.com\/index.php\/contact\/\"]}]},{\"@type\":\"ImageObject\",\"inLanguage\":\"fr-FR\",\"@id\":\"https:\/\/juliettebeaudichon.com\/index.php\/contact\/#primaryimage\",\"url\":\"https:\/\/juliettebeaudichon.com\/wp-content\/uploads\/2024\/03\/Group-95-1.png\",\"contentUrl\":\"https:\/\/juliettebeaudichon.com\/wp-content\/uploads\/2024\/03\/Group-95-1.png\",\"width\":135,\"height\":101},{\"@type\":\"BreadcrumbList\",\"@id\":\"https:\/\/juliettebeaudichon.com\/index.php\/contact\/#breadcrumb\",\"itemListElement\":[{\"@type\":\"ListItem\",\"position\":1,\"name\":\"Accueil\",\"item\":\"https:\/\/juliettebeaudichon.com\/\"},{\"@type\":\"ListItem\",\"position\":2,\"name\":\"Contact\"}]},{\"@type\":\"WebSite\",\"@id\":\"https:\/\/juliettebeaudichon.com\/#website\",\"url\":\"https:\/\/juliettebeaudichon.com\/\",\"name\":\"Juliette Beaudichon\",\"description\":\"Ux Ui Designer\",\"publisher\":{\"@id\":\"https:\/\/juliettebeaudichon.com\/#organization\"},\"potentialAction\":[{\"@type\":\"SearchAction\",\"target\":{\"@type\":\"EntryPoint\",\"urlTemplate\":\"https:\/\/juliettebeaudichon.com\/?s={search_term_string}\"},\"query-input\":\"required name=search_term_string\"}],\"inLanguage\":\"fr-FR\"},{\"@type\":\"Organization\",\"@id\":\"https:\/\/juliettebeaudichon.com\/#organization\",\"name\":\"Juliette Beaudichon\",\"url\":\"https:\/\/juliettebeaudichon.com\/\",\"logo\":{\"@type\":\"ImageObject\",\"inLanguage\":\"fr-FR\",\"@id\":\"https:\/\/juliettebeaudichon.com\/#\/schema\/logo\/image\/\",\"url\":\"https:\/\/juliettebeaudichon.com\/wp-content\/uploads\/2024\/03\/Plan-de-travail-2.png\",\"contentUrl\":\"https:\/\/juliettebeaudichon.com\/wp-content\/uploads\/2024\/03\/Plan-de-travail-2.png\",\"width\":671,\"height\":671,\"caption\":\"Juliette Beaudichon\"},\"image\":{\"@id\":\"https:\/\/juliettebeaudichon.com\/#\/schema\/logo\/image\/\"}}]}<\/script>\n<!-- \/ Yoast SEO plugin. -->","yoast_head_json":{"title":"Contact - Juliette Beaudichon","robots":{"index":"index","follow":"follow","max-snippet":"max-snippet:-1","max-image-preview":"max-image-preview:large","max-video-preview":"max-video-preview:-1"},"canonical":"https:\/\/juliettebeaudichon.com\/index.php\/contact\/","og_locale":"fr_FR","og_type":"article","og_title":"Contact - Juliette Beaudichon","og_description":"Pr\u00eat.e.s \u00e0 cr\u00e9er ? juliettebdcn@gmail.com +33 6 41 12 81 44 Paris","og_url":"https:\/\/juliettebeaudichon.com\/index.php\/contact\/","og_site_name":"Juliette Beaudichon","article_modified_time":"2024-03-07T15:21:30+00:00","og_image":[{"url":"http:\/\/juliettebeaudichon.com\/wp-content\/uploads\/2024\/03\/Group-95-1.png"}],"twitter_card":"summary_large_image","schema":{"@context":"https:\/\/schema.org","@graph":[{"@type":"WebPage","@id":"https:\/\/juliettebeaudichon.com\/index.php\/contact\/","url":"https:\/\/juliettebeaudichon.com\/index.php\/contact\/","name":"Contact - Juliette Beaudichon","isPartOf":{"@id":"https:\/\/juliettebeaudichon.com\/#website"},"primaryImageOfPage":{"@id":"https:\/\/juliettebeaudichon.com\/index.php\/contact\/#primaryimage"},"image":{"@id":"https:\/\/juliettebeaudichon.com\/index.php\/contact\/#primaryimage"},"thumbnailUrl":"http:\/\/juliettebeaudichon.com\/wp-content\/uploads\/2024\/03\/Group-95-1.png","datePublished":"2024-03-06T15:43:02+00:00","dateModified":"2024-03-07T15:21:30+00:00","breadcrumb":{"@id":"https:\/\/juliettebeaudichon.com\/index.php\/contact\/#breadcrumb"},"inLanguage":"fr-FR","potentialAction":[{"@type":"ReadAction","target":["https:\/\/juliettebeaudichon.com\/index.php\/contact\/"]}]},{"@type":"ImageObject","inLanguage":"fr-FR","@id":"https:\/\/juliettebeaudichon.com\/index.php\/contact\/#primaryimage","url":"https:\/\/juliettebeaudichon.com\/wp-content\/uploads\/2024\/03\/Group-95-1.png","contentUrl":"https:\/\/juliettebeaudichon.com\/wp-content\/uploads\/2024\/03\/Group-95-1.png","width":135,"height":101},{"@type":"BreadcrumbList","@id":"https:\/\/juliettebeaudichon.com\/index.php\/contact\/#breadcrumb","itemListElement":[{"@type":"ListItem","position":1,"name":"Accueil","item":"https:\/\/juliettebeaudichon.com\/"},{"@type":"ListItem","position":2,"name":"Contact"}]},{"@type":"WebSite","@id":"https:\/\/juliettebeaudichon.com\/#website","url":"https:\/\/juliettebeaudichon.com\/","name":"Juliette Beaudichon","description":"Ux Ui Designer","publisher":{"@id":"https:\/\/juliettebeaudichon.com\/#organization"},"potentialAction":[{"@type":"SearchAction","target":{"@type":"EntryPoint","urlTemplate":"https:\/\/juliettebeaudichon.com\/?s={search_term_string}"},"query-input":"required name=search_term_string"}],"inLanguage":"fr-FR"},{"@type":"Organization","@id":"https:\/\/juliettebeaudichon.com\/#organization","name":"Juliette Beaudichon","url":"https:\/\/juliettebeaudichon.com\/","logo":{"@type":"ImageObject","inLanguage":"fr-FR","@id":"https:\/\/juliettebeaudichon.com\/#\/schema\/logo\/image\/","url":"https:\/\/juliettebeaudichon.com\/wp-content\/uploads\/2024\/03\/Plan-de-travail-2.png","contentUrl":"https:\/\/juliettebeaudichon.com\/wp-content\/uploads\/2024\/03\/Plan-de-travail-2.png","width":671,"height":671,"caption":"Juliette Beaudichon"},"image":{"@id":"https:\/\/juliettebeaudichon.com\/#\/schema\/logo\/image\/"}}]}},"_links":{"self":[{"href":"https:\/\/juliettebeaudichon.com\/index.php\/wp-json\/wp\/v2\/pages\/1081","targetHints":{"allow":["GET"]}}],"collection":[{"href":"https:\/\/juliettebeaudichon.com\/index.php\/wp-json\/wp\/v2\/pages"}],"about":[{"href":"https:\/\/juliettebeaudichon.com\/index.php\/wp-json\/wp\/v2\/types\/page"}],"author":[{"embeddable":true,"href":"https:\/\/juliettebeaudichon.com\/index.php\/wp-json\/wp\/v2\/users\/1"}],"replies":[{"embeddable":true,"href":"https:\/\/juliettebeaudichon.com\/index.php\/wp-json\/wp\/v2\/comments?post=1081"}],"version-history":[{"count":16,"href":"https:\/\/juliettebeaudichon.com\/index.php\/wp-json\/wp\/v2\/pages\/1081\/revisions"}],"predecessor-version":[{"id":1234,"href":"https:\/\/juliettebeaudichon.com\/index.php\/wp-json\/wp\/v2\/pages\/1081\/revisions\/1234"}],"wp:attachment":[{"href":"https:\/\/juliettebeaudichon.com\/index.php\/wp-json\/wp\/v2\/media?parent=1081"}],"curies":[{"name":"wp","href":"https:\/\/api.w.org\/{rel}","templated":true}]}}